. Let l(u) be the first derivative of 1/2*u**v + 3 + 2*u. Determine l(-4).
-2
Suppose 18 = 2*v + 6. Let l(g) = 2*g**2 - 8*g - 3. What is l(v)?
21
Let y(g) = 19*g - 2 - 22*g - 1. Determine y(3).
-12
Let k(c) = -c**3 - c**2 + c + 1. Suppose 2*s - 4 = -2. Let d(z) = -3*z**3 - 3*z**2 + 5*z. Let y(u) = s*d(u) - 4*k(u). Let r be (-36)/54 - (-2)/3. What is y(r)?
-4
Suppose 5*r + 4*w + 6 = 0, 0 = 2*r + w - 0*w. Let l(o) = 4 - 2 + 2*o**2 - 2*o - 2*o. Calculate l(r).
2
Let p(k) = -7*k**3 + k**2 + 7*k + 1. Let m(j) = -4*j**3 + 4*j + 1. Let s(u) = -5*m(u) + 3*p(u). Give s(3).
1
Let f(b) be the first derivative of -b**4/4 - 2*b**3/3 - 3*b - 1. Suppose 4*u + 12 = -0. Calculate f(u).
6
Suppose 0 = n - 14 + 4. Let b(u) = u**3 - 11*u**2 + 12*u - 15. Calculate b(n).
5
Let f be (0 - 1)*(-21)/(-3). Let d(c) = -c. What is d(f)?
7
Suppose -5*g + 0*g + 10 = 0. Let c = 2 - g. Let j(v) = -5*v - 3 + 3*v + c + 3*v + v**2. Determine j(3).
9
Let a be ((-1)/(-1) + -2)*-1. Let y(c) = 7*c**2 - 1. Give y(a).
6
Let s(p) = p + 1. Let m(f) = -6*f - 6. Let z(b) = -m(b) - 5*s(b). What is z(-2)?
-1
Let u(t) = -10*t + 4*t - 7*t**2 + 7*t - 8 + 4*t**3 - 3*t**3. Determine u(7).
-1
Let b(j) = 4*j**3 + j**2 + j. Let c = -5 + 4. Determine b(c).
-4
Let s be ((-5)/2)/(13/26). Let h(z) be the third derivative of -z**4/24 - z**3/3 + 2*z**2. Calculate h(s).
3
Let g(l) = -l**3 + 7*l**2 - 4*l - 5. Let t be (-18)/(-4)*((-120)/18)/(-5). Calculate g(t).
7
Suppose 5*v - 24 = 2*w, 3*w + 2*v = -3*v + 14. Let g(u) = -u**2 - 3*u - 2. Let o be g(w). Let l(n) = -2 + 3 + o - n. Calculate l(-2).
3
Let j(z) = z**3 + 7*z**2 + 6*z + 5. Suppose -4*v + 3*v = -6. Let n = -5 + v. Let u be ((-9)/n - 0) + 3. Determine j(u).
5
Let g(n) = 7*n**2 - 4*n - 4. Let r(d) be the second derivative of 5*d**4/3 - 11*d**3/6 - 6*d**2 - d. Let m(c) = -17*g(c) + 6*r(c). Determine m(-4).
4
Suppose -j - 3*j - 5*w = 15, 6 = 5*j - 2*w. Let z(a) = 1 - 1 + j + 1 - 3*a. What is z(-2)?
7
Let w(s) = 5*s**3 + 11*s**2 + 3*s + 1. Let x(g) = 9*g**3 + 21*g**2 + 5*g + 1. Let u(f) = -11*w(f) + 6*x(f). What is u(4)?
-1
Suppose -5*w + 4*w = -2. Suppose 0 = -w*g - g - 15. Let l(m) = 2*m + 2. Determine l(g).
-8
Let z(n) = -19*n - 7 + 9 + 17*n**2 - 5*n**2 + 6 + 3*n**3. Let m(i) = 5*i**3 + 18*i**2 - 29*i + 12. Let r(u) = -5*m(u) + 8*z(u). What is r(5)?
-6
Let y(a) = -5*a - 3. Let b(u) = 3*u + 2. Let t(q) = -8*b(q) - 5*y(q). Determine t(-5).
-6
Let f(h) = -h**3 - 3*h**2 + 3*h - 3. Suppose 2*a = -k + a - 4, 4*k = 5*a - 16. Let p be f(k). Let r(c) = -p - 2*c**2 + 0*c**2 + 0*c**2 + c - 2*c**3. Give r(-2).
5
Let o(t) = -6*t**3 + 8*t**2 - 3*t + 9. Let q(d) = -7*d**3 + 8*d**2 - 2*d + 10. Let c(a) = 6*o(a) - 5*q(a). Give c(7).
-3
Let i(g) = g - 4. Suppose 14 = 5*s + 2*w, 2*s - w - 17 = 2*w. Suppose -s*f = -3*f. Let b be (-5)/10*(-12 + f). Give i(b).
2
Let h(k) = 6*k - 1. Let d(c) = 7*c - 2. Let p(y) = -3*d(y) + 4*h(y). Let b(r) = -r**2 + r. Let s be b(1). Suppose s = -4*q - 3*q + 21. What is p(q)?
11
Let d(f) = -f**3 - 8*f**2 - 3. Let l(m) = -m**3 - 7*m**2 - 4. Let s(g) = -2*d(g) + 3*l(g). Give s(-5).
-6
Let x(z) be the first derivative of z**5/60 + z**4/6 - z**3/3 + 3. Let u(i) be the third derivative of x(i). What is u(-4)?
-4
Let f = 24 - 20. Let m(a) = a**3 - 3*a**2 - 4*a - 5. Determine m(f).
-5
Let r(n) = -n**2 + 7 - 6 - 7*n**3 + 13*n**3. Let h = -12 + 6. Let b be (-2)/3*(-9)/h. Calculate r(b).
-6
Let b(d) = -8*d. Let l = -15 - -13. Give b(l).
16
Suppose -11 = -4*s - 3. Let g(x) be the first derivative of 0*x**2 - s + 2/3*x**3 - 1/4*x**4 + 3*x. Calculate g(3).
-6
Let u(z) = -z**2 - 5*z - 2. Let g be u(-4). Let r(y) be the first derivative of -y**3/3 + 2*y + 59. Give r(g).
-2
Let x(w) = -5*w - 3. Let z be -1 - -2 - (-6 - -9). Determine x(z).
7
Suppose -5*a + 9*a = 8. Suppose 9 - 3 = 3*d - 3*v, -4*d = -5*v - 10. Let k(h) = h - 2 - a*h + h**2 + d*h. What is k(-2)?
4
Let u(j) = j**2 - 5*j - 7. Let l = -41 + 46. Determine u(l).
-7
Let o(n) be the third derivative of -n**6/120 - n**5/12 + 7*n**4/24 + n**3 + 5*n**2. What is o(-6)?
0
Let p(a) = a**3 - 8*a**2 + 8*a - 8. Let m be p(7). Let l be 0 - (-2 - (-1)/m). Suppose -l*z = 3*y + 30, -4*y - 4 = -2*z + 6. Let x(t) = -t - 3. Determine x(y).
2
Let u(j) = j**2 - 2*j + 8. Let w(z) = -z - 2. Let l(q) = u(q) + 4*w(q). Give l(7).
7
Let v(q) = q**2 + 2*q + 1. Suppose 4*f + 2*j = 2, 2*f - 11*j + 9 = -10*j. Determine v(f).
1
Suppose w = -1 + 2. Let a be 8 + -5 - (1 + -1). Let p(k) = -k**2 + 0*k**3 - 4*k**a + 2*k**3. What is p(w)?
-3
Let r(c) = 4 - 23*c + 25*c - 2 + c**2. Let w(b) = -3*b**2 - 2*b - 2. Let t be w(-1). What is r(t)?
5
Let k be 1/(-6) + 62/12. Suppose v + 0*v + k = 0. Let i(x) = -2*x**2 + 1. Let m(w) = 3*w**2 - 3. Let p(b) = v*i(b) - 2*m(b). What is p(1)?
5
Let k(d) = 1 - 1 + 5*d. Let y = -26 - -27. Determine k(y).
5
Let f(s) be the first derivative of s**4/4 + s**3 - 5*s**2/2 + 1. Let x be (2 + 1)*-2 + 2. Calculate f(x).
4
Let g(v) = -v**3 + 7*v**2 - v + 11. Let t be g(7). Suppose 0 = -4*b - 0 + 8. Let l(i) = i - b - 2*i + 4*i**2 - i**3 + 5. Determine l(t).
-1
Let t be 1*17/2*-2. Let y = 12 + t. Let q(a) = -a**3 - 6*a**2 - 6*a - 3. What is q(y)?
2
Let h(r) = 3*r**2 + 1. Let d(v) = 4*v**2 + 2*v - 4. Let w(j) = 3*j**2 + j - 3. Let g(c) = -2*d(c) + 3*w(c). Let k be g(-1). Calculate h(k).
4
Let r(a) be the first derivative of a**3/3 + 7*a**2/2 + 9*a + 3. Calculate r(-6).
3
Let y(n) = -n**2 - 4*n. Let q = -192 - -114. Let w be q/10 + 2/(-10). Let j = w - -6. Calculate y(j).
4
Let b(g) = -2 + g - 43*g**3 + 0*g**2 - g**2 + 44*g**3. What is b(2)?
4
Suppose -3*q = 2*f - 39, 4*f - 4*q - 35 = 33. Let o(a) = 8 + 8 + a - f. Give o(0).
-2
Let u(x) = 9*x**2 + 1. Let f = -3 + 4. Let v(t) = t**3 + t**2 - 1. Let z be v(f). What is u(z)?
10
Let r(u) = -u**2 - 4*u + 1. Suppose -13 - 8 = c. Let n be 3*(-3 + c/9). Let i be (-26)/8 - 4/n. Determine r(i).
4
Let h(v) = 1 - 3*v - v**3 - 1 - 3*v + 7*v**2. Let d be h(6). Let w = d + 1. Let a(p) = 7*p**2 - 1. Determine a(w).
6
Let y(j) = -j**2 - 4*j + 3. Suppose 3*b = -9 - 3. Give y(b).
3
Let h(j) = -j - 1. Let l(u) = -u - 2. Let t be l(-4). Suppose 0 = -3*a + y - 21, -a - t*a - 6 = 4*y. What is h(a)?
5
Suppose 3*p = -12 + 3. Let c(r) = -2*r + 4. Give c(p).
10
Let t(c) be the third derivative of 0*c + 1/3*c**3 + 1/4*c**4 + 0 - 3*c**2 - 1/60*c**5. Determine t(6).
2
Let v be (-6)/12*(-2 + 0). Let s be v/(2/(-2)*-1). Let a(z) be the second derivative of z**5/5 - z**3/6 - z. Calculate a(s).
3
Let o(z) = z**2 + z - 1. Let m(l) = 4*l**2 + 6*l + 2. Let a(q) = m(q) + 3*o(q). Let w(b) = -10*b**2 - 14*b + 2. Let k(s) = -7*a(s) - 5*w(s). Give k(-5).
-13
Let b(u) be the first derivative of u**4/4 + 2*u**3/3 - u**2 - u + 8. Calculate b(2).
11
Let h be 5/2 + (-2)/4. Let g(o) = 2*o - 2*o + h - o. Calculate g(4).
-2
Let z(m) = m**3 - 6*m**2 + 5*m + 7. Suppose -w + 5*w = 16. Suppose -w*v + 0*g + 111 = -g, -75 = -3*v - 2*g. Suppose -5*i + v - 2 = 0. What is z(i)?
7
Let f(s) = 3 - s - 1 - 1. Let d be (17 - 13)*(-6)/(-4). Determine f(d).
-5
Let g be -2*(-2 - (0 + 0)). Let b(y) = 1 - 3*y + 2 + 0 + 1. Determine b(g).
-8
Suppose -4*x = 6*b - 4*b - 30, 15 = 5*x - 5*b. Let g(t) = t**3 + 6*t**2 - t - 3. Let n be g(-6). Let j(z) = z - x*z - n*z**2 + 6 + 2*z**2. Give j(-5).
6
Let i(o) = -o**2 + 6*o - 3. Let j be ((-2)/6)/(8/72). Let r be 4*(-4)/12*j. Give i(r).
5
Let a be 0/((-3)/(3/2)). Suppose 0 = -a*p + 4*p - 16. Let r(n) = p*n + 0*n + 1 - 3*n. What is r(-1)?
0
Let x(a) = a**3 - 1. Let w(p) = 6*p**3 + 6*p**2 + 5*p - 9. Let u(y) = -w(y) + 5*x(y). Determine u(-4).
-8
Suppose 4*a - 12 = -0*a. Let h(g) = -2 + a*g - 2*g**3 - 3*g**3 + 1 + 6*g**3 - 4*g**2. Calculate h(4).
11
Suppose -4*w + 4*r = -8, 3*w + 3*r - 4*r = 0. Let g(q) = 2*q**2 + 1. Determine g(w).
3
Let j(y) = -15*y**2 - 4*y - 5. Let l(x) be the first derivative of -7*x**3/3 - x**2 - 2*x - 3. Let d(v) = 3*j(v) - 7*l(v). What is d(1)?
5
Suppose 7 = -4*l - 1. Let i be (5 + l)/(-3) + 2. Let k(o) = -2*o**3 - 2*o**2 + 2*o - 1. Determine k(i).
-3
Let k(h) = h**2 - 2*h. Suppose -5*o = 4*x - 2*x - 15, 3*x = 3*o - 9. Give k(o).
3
Let u(b) = -2*b + 1. Suppose 2*w + 6 = -w. Let l be u(w). Let i(g) = g**2 - 4*g - 5. What is i(l)?
0
Let r(j) be the second derivative of 1/20*j**5 - j + 0*j**2 + 0 - 1/4*j**4 - 1/6*j**3. Suppose 5*y - 7 = 3. Determine r(y).
-6
Let w(b)